596?
2, 107, 70207
What are the prime factors of 4596371363?
983, 4675861
What are the prime factors of 126284464?
2, 43, 173, 1061
What are the prime factors of 52307021?
13, 41, 7549
What are the prime factors of 257240594?
2, 13, 9893869
What are the prime factors of 1376136325?
5, 55045453
What are the prime factors of 66745876?
2, 17, 751, 1307
List the prime factors of 35874487.
11, 3261317
What are the prime factors of 5068924014?
2, 3, 7, 11, 997427
List the prime factors of 4874001482.
2, 7, 49734709
What are the prime factors of 616697352?
2, 3, 37, 231493
List the prime factors of 667149157.
71, 9396467
What are the prime factors of 3835958?
2, 7, 273997
What are the prime factors of 190571065?
5, 38114213
List the prime factors of 532934125.
5, 37, 61, 1889
List the prime factors of 47393862.
2, 3, 1201, 6577
List the prime factors of 594855575.
5, 509, 46747
What are the prime factors of 237838481?
237838481
What are the prime factors of 7277362387?
19, 383019073
List the prime factors of 48518850.
2, 3, 5, 17, 53, 359
What are the prime factors of 357984769?
71, 5042039
List the prime factors of 11213038.
2, 5606519
What are the prime factors of 112355793?
3, 11, 1134907
List the prime factors of 303572245.
5, 60714449
List the prime factors of 202527521.
7, 28932503
List the prime factors of 17711924.
2, 29, 107, 1427
List the prime factors of 89397234.
2, 3, 4966513
What are the prime factors of 87476902?
2, 5501, 7951
What are the prime factors of 1068267356?
2, 13, 89, 230827
List the prime factors of 4798239245.
5, 199, 4822351
What are the prime factors of 650670164?
2, 41, 61, 193, 337
List the prime factors of 3419630891.
89, 38422819
List the prime factors of 1251016696.
2, 19, 1889, 4357
List the prime factors of 232669497.
3, 17, 19, 240113
List the prime factors of 4476289716.
2, 3, 23, 461, 1303
What are the prime factors of 202582713?
3, 109, 179, 3461
List the prime factors of 124032740.
2, 5, 13, 71, 6719
What are the prime factors of 483065116?
2, 41, 2945519
What are the prime factors of 87719580?
2, 3, 5, 13, 19, 1973
List the prime factors of 2694075611.
29, 92899159
List the prime factors of 3042572549.
23, 132285763
List the prime factors of 223364673.
3, 7, 751, 4721
What are the prime factors of 1321293250?
2, 5, 19, 43, 6469
What are the prime factors of 1389581535?
3, 5, 4127, 22447
List the prime factors of 1876515073.
4283, 438131
List the prime factors of 193591251.
3, 7, 691, 4447
List the prime factors of 2715975940.
2, 5, 347, 391351
What are the prime factors of 9992553?
3, 37, 90023
What are the prime factors of 132924837?
3, 149, 297371
What are the prime factors of 29633082?
2, 3, 1427, 3461
What are the prime factors of 420147896?
2, 7, 71, 251, 421
List the prime factors of 558901894.
2, 17, 16438291
What are the prime factors of 78308379?
3, 8700931
List the prime factors of 1306840809.
3, 435613603
What are the prime factors of 960987809?
960987809
List the prime factors of 65125208.
2, 8140651
List the prime factors of 346723308.
2, 3, 293, 10957
What are the prime factors of 5770718777?
67, 2267, 37993
List the prime factors of 87705782.
2, 43852891
List the prime factors of 386967972.
2, 3, 32247331
List the prime factors of 14059948.
2, 7, 502141
List the prime factors of 86491751.
86491751
What are the prime factors of 85380629?
191, 447019
What are the prime factors of 1347405198?
2, 3, 71, 79, 40037
List the prime factors of 508609420.
2, 5, 11, 2311861
What are the prime factors of 9294913?
9294913
List the prime factors of 324591799.
7, 73, 797
List the prime factors of 25543652.
2, 167, 38239
What are the prime factors of 12727444?
2, 3181861
What are the prime factors of 265204763?
265204763
What are the prime factors of 715073176?
2, 17, 163, 32257
List the prime factors of 317863621.
59, 5387519
List the prime factors of 2989413535.
5, 17, 43, 817897
What are the prime factors of 2765659887?
3, 79, 3889817
List the prime factors of 84919747.
11, 61, 271, 467
What are the prime factors of 322112803?
322112803
List the prime factors of 529903089.
3, 1931, 30491
List the prime factors of 347735824.
2, 563, 38603
What are the prime factors of 229915512?
2, 3, 3193271
What are the prime factors of 92431391?
13, 67, 106121
What are the prime factors of 1405329368?
2, 175666171
What are the prime factors of 116595116?
2, 11, 240899
List the prime factors of 110145800.
2, 5, 107, 5147
List the prime factors of 126281670.
2, 3, 5, 4209389
What are the prime factors of 9927035?
5, 1985407
What are the prime factors of 106373460?
2, 3, 5, 59, 151, 199
What are the prime factors of 29077144?
2, 19, 191297
List the prime factors of 33514732.
2, 8378683
What are the prime factors of 61422511?
61422511
List the prime factors of 2145607803.
3, 238400867
What are the prime factors of 190942076?
2, 13, 139, 26417
What are the prime factors of 574340927?
574340927
What are the prime factors of 961943419?
17, 19, 859, 3467
List the prime factors of 149376817.
31, 41, 211, 557
List the prime factors of 614541382.
2, 7, 13, 521, 6481
List the prime factors of 2323636169.
151, 1367, 11257
What are the prime factors of 97186275?
3, 5, 59, 7321
List the prime factors of 780276118.
2, 1459, 267401
What are the prime factors of 177349203?
3, 757, 8677
What are the prime factors of 348078362?
2, 271, 642211
List the prime factors of 5323037.
29, 173, 1061
List the prime factors of 104964416.
2, 103, 15923
What are the prime factors of 582125141?
13, 73, 181, 3389
List the prime factors of 636595060.
2, 5, 83, 193, 1987
List the prime factors of 113482631.
61, 79, 23549
List the prime factors of 43071444.
2, 3, 13, 92033
List the prime factors of 1876917074.
2, 938458537
List the prime factors of 147176394.
2, 3, 19, 1291021
List the prime factors of 17350828.
2, 11, 179, 2203
List the prime factors of 359118178.
2, 179559089
List the prime factors of 2655074881.
2655074881
What are the prime factors of 1022636962?
2, 19, 3313, 8123
What are the prime factors of 34856909?
34856909
What are the prime factors of 2205106755?
3, 5, 47, 281, 11131
What are the prime factors of 2028214046?
2, 23497, 43159
What are the prime factors of 455680125?
3, 5, 405049
List the prime factors of 58665749.
19, 101, 1609
What are the prime factors of 932551095?
3, 5, 7, 1268777
List the prime factors of 2435387015.
5, 47, 389, 26641
List the prime factors of 2371311441.
3, 113, 733, 3181
List the prime factors of 1892470089.
3, 281, 2244923
List the prime factors of 123963510.
2, 3, 5, 11, 375647
What are the prime factors of 7894394755?
5, 13, 9342479
List the prime factors of 143215600.
2, 5, 11, 269
List the prime factors of 234133030.
2, 5, 317, 73859
List the prime factors of 40511512.
2, 5063939
What are the prime factors of 5179745816?
2, 7, 92495461
What are the prime factors of 1878391155?
3, 5, 257, 487261
List the prime factors of 26622165.
3, 5, 53, 33487
What are the prime factors of 857790354?
2, 3, 8831, 16189
What are the prime factors of 127144779?
3, 42381593
List the prime factors of 134194070.
2, 5, 587, 22861
What are the prime factors of 5713162212?
2, 3, 19, 25057729
List the prime factors of 271500346.
2, 13, 127, 82223
What are the prime factors of 37878936?
2, 3, 1578289
What are the prime factors of 908996854?
2, 9463, 48029
List the prime factors of 537298342.
2, 7, 83, 677, 683
What are the prime factors of 82263984?
2, 3, 11, 347, 449
What are the prime factors of 247365741?
3, 7, 11779321
List the prime factors of 554537755.
5, 59, 1879789
List the prime factors of 258369024.
2, 3, 59, 2851
List the prime factors of 1350868692.
2, 3, 3907, 28813
List the prime factors of 1804961684.
2, 181, 2493041
List the prime factors of 37034509.
211, 175519
What are the prime factors of 4092630?
2, 3, 5, 136421
What are the prime factors of 2393482790?
2, 5, 239348279
What are the prime factors of 341063445?
3, 5, 173, 131431
What are the prime factors of 164815066?
2, 13, 6339041
List the prime factors of 197002014.
2, 3, 11, 1171, 2549
What are the prime factors of 100720530?
2, 3, 5, 47, 7937
What are the prime factors of 58390744?
2, 23, 271, 1171
List the prime factors of 1715798501.
431, 3980971
